t the prime factors of y.
5
Suppose 5*v - 3*v = 0. Suppose 8 + v = b. What are the prime factors of b?
2
Let g = -89 - -54. Let j = -22 - g. What are the prime factors of j?
13
Suppose -2*l + 11 = -223. What are the prime factors of l?
3, 13
Suppose 0 = 2*i - 5*i + 36. Suppose -2*m = -3*m + i. What are the prime factors of m?
2, 3
Let a(j) be the third derivative of j**6/120 + j**5/60 + j**4/24 + 2*j**3/3 + j**2. Let i = 1 + -1. What are the prime factors of a(i)?
2
Let l(j) = 3*j**2 + 11*j + 31. Let f(q) = 2*q**2 + 7*q + 21. Let t(d) = -7*f(d) + 5*l(d). Let k be t(-7). Let u = -10 + k. List the prime factors of u.
5
Suppose -3*a = v + 9, -4*a + 1 = 4*v + 13. Let o(i) = i**3 - i**2 - i. Let c be o(v). Suppose -2*w - 2*w + 40 = c. What are the prime factors of w?
2, 5
Suppose -6 + 0 = -3*o. Let g = 3 - 0. Suppose 5*m = g*k + 22, 2*m - 16 = -o*m + 4*k. What are the prime factors of m?
5
What are the prime factors of (22 - (1 - -1)) + 2?
2, 11
List the prime factors of 154*4*3/24.
7, 11
Let j(y) = -y**2 - 3*y - 3. Let p be j(-2). Let x be p/(3/(-27)) + 0. Let o = 14 - x. List the prime factors of o.
5
Let v(c) = 12*c - 7. What are the prime factors of v(5)?
53
Suppose -4*t + 2 = -10. Suppose t*v + v = 0. Suppose v = q - 2*q + 2, -2*q = -h + 1. List the prime factors of h.
5
Let f(b) = -b**3 - b + 52. Suppose 0 = 3*g + 2*w - 2 - 2, -4*g + 6 = 3*w. Let l be f(g). Suppose -20 = 5*y, -4*p + 2*y = -2*y - l. List the prime factors of p.
3
Let j be (-292)/(-18) - (-4)/(-18). Suppose 0 = 2*p - 16 - j. What are the prime factors of p?
2
Let m be 3/(-12)*-6*2. What are the prime factors of (-103)/(-4) - m/4?
5
Let l be (-3)/2*4/(-3). Suppose -2*q + l = -q. Suppose -q*i + 8 = -i. List the prime factors of i.
2
Suppose 0*b - 4*b + z + 53 = 0, -5*z = 4*b - 47. Let j = 3 + -4. Let a = j + b. What are the prime factors of a?
2, 3
Suppose w = -0 - 1. Let u be (3 + -1)*(-2 - 15). List the prime factors of w*2*u/4.
17
Suppose 0 = o + 3*i + 5, -3*o - i = 2*i - 3. Let b = o - -4. List the prime factors of b.
2
Let z(d) be the first derivative of d**2 - 4*d + 3. Suppose 4*l - 32 = -0*l + 3*c, -l + 4*c = -8. What are the prime factors of z(l)?
2, 3
Let i(w) = 4*w + 2. What are the prime factors of i(10)?
2, 3, 7
Let g = 9 + -4. Suppose g*r - 3*r - 8 = 0. What are the prime factors of r?
2
Let z be -3 + -73 + 0 + 2. List the prime factors of z*((-21)/6)/7.
37
Let c(h) = h**3 + 9*h**2 - 11*h + 3. Suppose -5*x = -2*l + 6*l + 20, 0 = -3*l + 4*x - 46. What are the prime factors of c(l)?
13
Let c = 33 - 12. Suppose 2*r - c = -3. What are the prime factors of r?
3
Suppose -5 = -t + 31. What are the prime factors of t?
2, 3
Let c = -136 + 328. What are the prime factors of c?
2, 3
Let f(o) = 8*o + 6. Let g be f(3). Suppose 3*y = -4*b + 108, -3*b = -2*y + 25 + g. List the prime factors of y.
2
Suppose -4*d + 692 + 252 = 0. List the prime factors of d.
2, 59
Let g(t) = -t + 4. Let z be g(-4). Let b(r) = 2*r**3 + 3*r**2 + 2*r + 2. Let h be b(-2). Let s = h + z. What are the prime factors of s?
2
Let f(x) = -21*x - 67. List the prime factors of f(-17).
2, 5, 29
Let v be (2/(-3))/((-28)/42). Suppose 4*p = -5 + 17. Suppose -p*q = -v - 8. List the prime factors of q.
3
Suppose -4*b = 0, 2*b = -5*p + 6*b + 10. List the prime factors of p - (-4 + 0 + 3).
3
Let v(k) = 6*k**2 + 13*k + 16. List the prime factors of v(-5).
101
Suppose 4*b + 7 = -13. Let m be 2/b + (-471)/(-15). Suppose -o - o - 5*u = -m, 3*o - 3*u = 57. What are the prime factors of o?
2, 3
Let w = 63 + -36. List the prime factors of w.
3
Suppose -6 = -2*h + 4. Suppose -3 + h = r. What are the prime factors of r?
2
Let n = -106 - -157. What are the prime factors of n?
3, 17
Suppose -5*f + 11 = 3*w, -w + 6 = 3*f - 3. Suppose f*b - 9 = u + 6, 2*b = 2*u. List the prime factors of u.
5
What are the prime factors of 2 + -1*(-35 + 4)?
3, 11
What are the prime factors of (12/2)/((-5)/(-10))?
2, 3
Suppose -l - 3*p = -38, -2*p + 134 = 3*l + 20. What are the prime factors of l?
2, 19
List the prime factors of (-4)/28 + (-1434)/(-42).
2, 17
Suppose 9 = 3*m, -4*c - m + 95 = 4*m. List the prime factors of c.
2, 5
List the prime factors of 263 + -1*-1*(-3 - -3).
263
Let n be 1/(4/(-6) + 1). Let m be -5 - (-8 - (-2 - 2)). Let r = n - m. What are the prime factors of r?
2
Suppose -293 = -4*j + 351. List the prime factors of j.
7, 23
Suppose 3*p - 4*p = 5*k - 549, -3*k = -p - 323. What are the prime factors of k?
109
Suppose -5*c - 4 = -6*c. Suppose -c + 12 = 4*o. List the prime factors of (1 + 21)*o/2.
2, 11
Let h be -3*(-4)/(-6) + 7. Suppose c = 21 + h. List the prime factors of 6/4 + c/4.
2
What are the prime factors of (-1)/(((-4)/(-43))/(-4))?
43
Let b be (-2 + 3)/((-2)/(-8)). Let j = -6 - -11. Suppose 4*x - 10 = 3*s, -b*s + 37 - 9 = j*x. What are the prime factors of x?
2
Let o(z) = -z**2 - 26*z - 4. List the prime factors of o(-19).
3, 43
List the prime factors of (3 - (-21)/(-9))*381.
2, 127
Let d(x) be the second derivative of x**5/20 + x**4/2 - 4*x**3/3 - 5*x**2/2 + 3*x. List the prime factors of d(-7).
2
Let v = 3 - 1. Let a be (6/(-7))/(v/(-14)). List the prime factors of a/18 + (-82)/(-6).
2, 7
Let v(s) = 2*s**2 + s - 11. What are the prime factors of v(-5)?
2, 17
Suppose -4*w + 24 = -w. Let o(j) = -5*j + 4. Let u(b) = 4*b - 3. Let f(t) = 3*o(t) + 4*u(t). List the prime factors of f(w).
2
Suppose 0*s + 3*m = s - 107, -4*s - m + 454 = 0. List the prime factors of s.
113
Suppose -97 = -2*v + 33. List the prime factors of v.
5, 13
Let w(t) = -t**3 - 5*t**2 - 5*t. Let g be w(-4). Let f be 0/((-4)/(g/(-2))). Suppose x = -f*x + 3. List the prime factors of x.
3
Let k(f) = f**3 + f**2 + f + 82. Let v be k(0). What are the prime factors of v/6 + 2/6?
2, 7
Let u(c) = c**3 + 2*c + 3. Let f be u(4). Suppose 6*o - o - f = 0. List the prime factors of o.
3, 5
Let o(s) = s**3 + 5*s**2 + 4*s + 1. Let u be o(-4). What are the prime factors of (0 + -3)*(0 - u)?
3
Let b(f) = -f**3 + 9*f**2 + f + 8. List the prime factors of b(8).
2, 5
Let i be 91/(-6) + (-12)/(-72). What are the prime factors of ((-6)/i)/((-1)/(-40))?
2
Let b be ((-4)/(-6))/((-1)/(-24)). List the prime factors of (b/10)/(4/10).
2
Let z(t) = 12*t - 8. Let p(o) = 6*o - 4. Let j(g) = 11*p(g) - 6*z(g). Let w be j(-4). Let v = -17 + w. What are the prime factors of v?
11
Let o(f) = 62*f**3 + f - 1. What are the prime factors of o(1)?
2, 31
Let t = -3 + 11. Let w be 4/5*80/t. Let h = w - -4. List the prime factors of h.
2, 3
Let z(s) = -s + 7. Let r be z(5). Let u be 1/r + (-82)/4. List the prime factors of (-128)/u - 3/(-5).
7
List the prime factors of 5 + -1 + 1 + -3.
2
Suppose -2*a - 4*s = 36, 0 = 2*a - 4*a + 5*s - 45. List the prime factors of (-2)/8 + (-505)/a.
5
Let k(s) = 4*s - 7. Let t be k(4). Suppose j - 1 - t = 0. List the prime factors of j.
2, 5
Suppose 2*n - i = 17, -2*n + 7*n = -2*i + 29. What are the prime factors of n?
7
Let o = -17 + 8. Let v be ((-6)/9)/(1/o). Suppose v = -5*x + 51. List the prime factors of x.
3
Suppose -2*j = x + 2*x - 17, 3*x + 4*j - 25 = 0. Suppose 6*c - x*c = 21. What are the prime factors of c?
7
Let q = -10 + 35. Suppose -x + 3*y = -35, 4*x - y - 110 + q = 0. Let k = x + -14. List the prime factors of k.
2, 3
Suppose 2*g + 2*b = b + 68, 0 = -5*g + 2*b + 188. What are the prime factors of g?
2, 3
Suppose 3*h + 3*q - 163 = -1, 4*h - 228 = -q. Suppose 0 = -3*a + a + h. Suppose -5*j + 31 = -a. List the prime factors of j.
2, 3
Suppose 2*x = -5*n + 273, 4*n = 2*x - x + 221. List the prime factors of n.
5, 11
Let l(i) = i**2 - i - 2. Let j be l(3). Suppose 7*u - 27 = j*u. What are the prime factors of u?
3
Let a = 235 - 144. What are the prime factors of a?
7, 13
Let y(g) be the third derivative of -g**5/60 - 7*g**4/24 - 2*g**3/3 + 2*g**2. Let t be y(-6). List the prime factors of t/(-3) + 60/9.
2, 3
Suppose 4*d - 1 = -k, 3*d = 5*k - d - 5. Let i(s) = s - 6*s - k + s. What are the prime factors of i(-2)?
7
Suppose 0 = b + 4*f - 76, -3*f - 2*f = -2*b + 217. What are the prime factors of b?
2, 3
Let f(a) = 2*a + 2. Let i be f(0). Suppose 1 + 0 = -d, -3*d = i*k - 27. What are the prime factors of k?
3, 5
Let o(n) = 107*n**2. List the prime factors of o(1).
107
Let p = 37 + -17. List the prime factors of p.
2, 5
Let x be (-8)/(-12)*42/4. Let v =